+ (0 - (3 - 31)) a multiple of 26?
True
Let j = -748 - -1451. Suppose -j = -0*k - 4*k - 3*g, -519 = -3*k - 5*g. Is k a multiple of 23?
False
Let s = -745 + 776. Suppose -s*j + 4*j = -17415. Is j a multiple of 51?
False
Suppose 0 = -f + 4*g + 120, -2*f + 3*g = -0*f - 230. Suppose 0*b + 5*b - 280 = -4*l, -2*b + 4*l + f = 0. Suppose 13*x = 14*x - b. Does 28 divide x?
True
Suppose 26 = 3*j - 394. Is 2947/j*5 - (-2)/(-8) a multiple of 29?
False
Suppose -q = 45 - 29. Is 12 a factor of 1*(-4)/q*1132?
False
Suppose 3*t + 2*o = 146470, 45*t + 3*o - 195294 = 41*t. Is 309 a factor of t?
True
Let x(y) = 13*y + 2082. Does 10 divide x(-54)?
True
Let p(h) = 336*h - 4156. Does 20 divide p(66)?
True
Suppose 3*j - 22 = -4*c, -3*c + 5*c - 26 = -4*j. Let q be 1160/10 - (-2 + -4). Suppose j*r - q = 88. Is 5 a factor of r?
True
Let r be 0 - -5 - (1 + 4 + -4). Suppose 0*t + t = a + 11, -3*t - r*a + 5 = 0. Suppose -t*k + 371 + 287 = 0. Does 17 divide k?
False
Let l be (1 + (-1)/2)/((-8)/4528). Let j = l - -544. Is j a multiple of 29?
True
Suppose 0 = 36*j - 64*j + 5124. Let y = j + -78. Is y a multiple of 15?
True
Let g(k) = -3482*k**3 - 2*k - 1. Let v be g(-1). Let n be (-4)/(-10) + v/5. Suppose 9*q - n = 167. Is q a multiple of 12?
True
Let d(a) = -11*a**3 - 39*a**2 - 216*a + 43. Does 3 divide d(-7)?
True
Let z(c) = -10*c**3 - 9*c**2 + c + 8. Suppose -4 - 36 = 10*o. Does 25 divide z(o)?
True
Let m(b) = 3*b**2 - 17*b + 37. Let p(f) = 8*f**2 - 34*f + 73. Let y(i) = -5*m(i) + 2*p(i). Let s = -51 - -30. Does 5 divide y(s)?
True
Let w be 1*-843*1*6/(-18). Suppose 0 = -6*z + 2*z - 5*f - w, -2*z - 151 = -f. Let y = 214 + z. Does 28 divide y?
True
Suppose 0*y - y + 3*t = 4, -3*t = -2*y - 2. Suppose -2*k = -2 - y. Suppose -4*b + k*f = -0*f - 278, 0 = -3*b + 3*f + 201. Is b a multiple of 12?
True
Suppose -21*s - 87643 + 173656 + 192048 = 0. Does 51 divide s?
False
Suppose -5*a + 3*l + 179184 = 0, -3*a + 4*l + 113756 = 6228. Does 12 divide a?
True
Let m(i) = -224*i + 77. Let j be m(-3). Let u = j - 419. Does 30 divide u?
True
Suppose 3*d + 4*i - 2487 = 0, -2*d - 883 + 2541 = 5*i. Suppose -118 = 3*b - d. Is b a multiple of 4?
False
Suppose 0*s + 468 = 3*k - 2*s, 0 = 3*k + 3*s - 468. Is 10 a factor of (k/5)/((40/50)/4)?
False
Let j = 15 + -13. Let c be j/(-7) + 290/35. Is 24 a factor of (4/c)/(3/690)?
False
Suppose 0 = 5*f + 37 - 57. Suppose -f*v - 242 + 1014 = 0. Does 11 divide v?
False
Suppose -i + 2*y + 6 = -6*i, 0 = 2*i - 5*y - 15. Suppose a + 4*f - 121 = i, -5*a = -0*a + f - 605. Is a a multiple of 10?
False
Suppose m - 2*h = -2*m - 400, 5*m + 4*h + 630 = 0. Is 17 a factor of 195/m*3808/(-6)?
True
Let a = -1120 + 10679. Does 121 divide a?
True
Let z(d) be the third derivative of 59*d**5/30 + d**4/6 + 2*d**3/3 - 81*d**2. Is 54 a factor of z(-1)?
False
Suppose 4*m + 248 = 5056. Suppose -2*q - q + m = 5*n, -4 = 4*q. Does 6 divide n?
False
Let t(o) = -o**3 + 5*o**2 - 3*o - 2. Let y be t(4). Suppose -707 + 577 = -5*f. Let x = f + y. Is x a multiple of 3?
False
Let v = 6925 - 3673. Suppose r - 814 = -2*z + 3*z, 4*r - 5*z = v. Suppose -r = -4*i + 542. Is i a multiple of 17?
True
Suppose 221 = 6*h - 133. Let y = h + -59. Suppose y = 13*t - 5*t - 424. Is 27 a factor of t?
False
Suppose 0 = -3*z - 4*q - 35, 2*z - 2*q + 15 = -3*z. Is 15 a factor of z + (1350/2)/3?
False
Let n(h) = 4*h**2 - 998*h - 4 + 12*h**2 + 999*h. Suppose x + 2*t = 11, -5*t + 32 = 3*x + x. Does 13 divide n(x)?
True
Does 10 divide 0 + (-28873)/(-13) - 11?
True
Let m = 20483 - 12299. Is 8 a factor of m?
True
Suppose -9381288 + 37697667 = 692*p - 3449189. Is p a multiple of 151?
True
Let i(v) = 507*v**2 + 115*v + 4. Is i(-5) a multiple of 17?
True
Let v(u) = 2*u**2 - 10*u + 15. Let i be v(3). Suppose -i*g - z = -154, 8*z - 3*z - 170 = -3*g. Is g a multiple of 2?
True
Is 4/18 - 3955961/(-801) a multiple of 11?
True
Let w = -605 - -654. Let q(g) = 6*g - 4. Let v be q(6). Let j = w - v. Is 17 a factor of j?
True
Let s = -32 - -35. Suppose 3*q = 15, -5*x = -8*q + s*q - 1120. Suppose -122 - x = -3*z. Is 19 a factor of z?
False
Suppose -2*f + 3 = 9. Let y be f/(-12) + 88/32. Suppose -11 = -y*l + 37. Is l even?
True
Let o = -3 - 27. Is (1012/115)/((-2)/o) a multiple of 6?
True
Is 26 a factor of -2*9/72 + (-10465)/(-20)?
False
Let m = 154 - 120. Suppose m*h - 31*h = 81. Does 9 divide h?
True
Suppose -3*b = 4*a - 983, 17*b + a = 13*b + 1302. Does 140 divide b?
False
Let j be (4 + (-4)/1)*(1 + 0). Suppose 0 = -2*y + r + 650, 2*y + j*y = 5*r + 642. Does 4 divide y?
False
Let r(a) = -2*a**2 + 281*a + 131. Does 10 divide r(117)?
True
Let b = -3985 + 6816. Is 104 a factor of b?
False
Suppose -65*c = -69*c + 4*d + 108208, -c - d + 27066 = 0. Is c a multiple of 253?
False
Suppose 4*w - 5*t = 18, -5*w + 5*t + 18 = -2. Suppose -3*m = w*z - 204 - 664, -4*z - 280 = -m. Is m a multiple of 16?
True
Let s(r) = -3*r**2 - 20*r - 3. Suppose -6*h = 1 + 41. Let c be s(h). Let x = 155 + c. Is 29 a factor of x?
True
Let h(a) = -a**2 + 13*a + 5. Let c be h(10). Let g(u) = -u**3 + 18*u**2 - 12*u - 96. Let s be g(17). Let p = s + c. Is p a multiple of 2?
True
Let p be 20/(-6)*(-24)/16. Suppose g - 118 = q + 29, 4*g - p*q - 585 = 0. Does 9 divide g?
False
Suppose 2*g = -2*l + 60, 11*l = 16*l + 3*g - 160. Let y = 156 - l. Is y a multiple of 3?
False
Let t(z) be the second derivative of z**4/12 - 11*z**3/6 - 60*z**2 + 2*z - 6. Is 30 a factor of t(-19)?
True
Let g = -4867 + 5924. Is g a multiple of 8?
False
Suppose -145 = 5*r - 165, 0 = 5*x + 4*r - 1. Let u(y) = -y**3 - y**2 + 2*y - 5. Let t(m) = -m**3 - 1. Let j(v) = 2*t(v) + u(v). Does 6 divide j(x)?
False
Suppose -6046 = 20*f - 29446. Is f a multiple of 36?
False
Suppose 3*h + 10*o - 692 = 15*o, -4*h + 900 = -o. Let t = h - 169. Is 11 a factor of t?
True
Suppose -45*r - 42496 = -13651. Let c = r + 759. Does 14 divide c?
False
Suppose -3*l - 5*o = -25, -o - 1 = -3. Suppose -8 + l = -w. Suppose w*u - 262 - 62 = 0. Is u a multiple of 27?
True
Suppose 3*j + 2 = -5*q + 5, 4*q + 5*j = 5. Suppose w + 2*y = -2*w - 13, q = 2*w - y - 3. Is (-1308)/(-8) + 4 + w/(-2) a multiple of 42?
True
Let i(u) = -u**3 - 3*u**2 + 4*u - 10. Let h be i(-5). Suppose 23*l = h*l - 30. Let v(t) = 2*t**2 + 7*t - 34. Does 16 divide v(l)?
True
Suppose 10*y + 4*y = 126. Suppose -5*i - y = -8*i. Suppose 57 = 4*l - i*b, 3*l - 4*b - b = 29. Is l a multiple of 12?
False
Suppose 0 = -82*c + 73*c - 153. Let v = c - -107. Is v a multiple of 6?
True
Suppose 0 = 5*w - 30 - 905. Let r be -120 - (-7)/(-21)*15. Let n = r + w. Does 8 divide n?
False
Is 10 a factor of (3 - (-7)/(-2))*(-76)/19 - -20775?
False
Suppose 69088 = 3*x + 29*w - 27*w, 161244 = 7*x - 5*w. Is 17 a factor of x?
False
Suppose 0 = 28*j - 14*j. Suppose 189*b - 194*b + 970 = j. Does 22 divide b?
False
Suppose -3*z + 952185 = 17*z + 37*z. Is 65 a factor of z?
True
Let m = 115 - 81. Suppose m = -6*s + 22. Is 26 a factor of (3*-8)/(s + (-294)/(-156))?
True
Let h(s) = 3*s**2 + 14*s - 5. Let p be h(-5). Suppose t - 4 = p, b + 4*t = -2*b + 406. Is b a multiple of 2?
True
Suppose -2*z + 8 = 2*w, 4*z + 2*w = -w + 15. Suppose -z*q - 16 = -3*o + 35, -4*q = 4*o + 108. Let c = 2 - q. Does 24 divide c?
True
Let y(j) = 3. Let r(a) = a**2 - a - 9. Let i(p) = 6*r(p) + 21*y(p). Suppose -19 = -2*o - 3*c, 5*o + 0*c = 5*c - 15. Is 4 a factor of i(o)?
False
Suppose 0 = -2*r + 2*g + 7130, -12 = 50*g - 48*g. Does 73 divide r?
False
Let l = 119 - 115. Suppose 5*g - 5*h - 61 - 1484 = 0, 3*h = 0. Suppose 3*a - 94 - 135 = -5*i, l*a + 3*i = g. Does 15 divide a?
False
Let m be (2 - -235)*2/3. Suppose 8*h - 12*h - 372 = 0. Let s = h + m. Is 13 a factor of s?
True
Let c(s) = s - 8. Let h be c(33). Let a(z) = 2*z**2 - 15*z - 21. Is a(h) a multiple of 13?
False
Let b = 98 + -57. Let r(g) = 3*g**2 + 45*g + 36. Let w be r(-20). Suppose -w = -5*c - b. Is 12 a factor of c?
False
Let v be -2*(-1 + 123) - 16/(-8). Let o = 438 + v. Is 17 a factor of o?
False
Suppose -11*d = 72 + 60. Does 17 divide 358/((d/8)/(-3))?
False
Let o = 1638 + 1239. Does 70 divide o?
False
Let u(w) = -17 + 2*w - 4 + 4*w**2 + 5*w**2 + 24. Let n be u(-1). Is 22 a factor of (6/(-3))/(n/(-245))?
False
Suppose 89 = -4*j - 43. Suppose 3*g - 2*x - 89 - 100 = 0, 189 = 3*g - 3*x. Let r = g + j. Is r a multiple of 15?
True
Suppose -3*c + 3 = b, 0 =